v(w) = -3*w - 1. Let i(h) = 14*h**2 + 10*h - 51. Let s(y) = 5*y**2 + 3*y - 17. Let u(l) = -4*i(l) + 11*s(l). Let p be u(-9). Calculate v(p).
2
Let i(k) be the first derivative of 9*k**2 + 4*k + 320. Calculate i(-1).
-14
Let d(g) = 2*g + 8. Let x(w) = 16*w + 10. Let n be x(-8). Let m be n/(-5) - 4/(-10). Let i be 25/(-4) - (-6)/m. What is d(i)?
-4
Let w(k) = -3*k + 13*k - 28 + 7*k + 9*k - 24*k. Determine w(15).
2
Let x(a) = a**3 + 8*a**2 - 2*a - 12. Let t be x(-8). Suppose 0 = 3*i - 8 - t. Let g(d) = -d**3 + 2*d**2 + 6*d - 3. Determine g(i).
-11
Let l(t) be the second derivative of t**5/20 + t**4/3 - t**3 - 5*t**2/2 - 144*t + 1. Calculate l(-6).
-41
Let c(f) = 1 + 10 + 2*f - 2 + 15*f**2. Let b(l) = 7*l**2 + l + 4. Let t(p) = 9*b(p) - 4*c(p). What is t(-1)?
2
Let x = 57 + -54. Let f(m) = 2 + m**2 + 5*m - 9 - x*m + 3. What is f(-6)?
20
Let a = 234 - 256. Let l(d) = d + 25. What is l(a)?
3
Let l(s) = 16 + 11 + 3*s**3 - 3*s**2 + 2*s - 60 + 14 + 20. Give l(2).
17
Let j(g) = 3*g + 31. Let m = 891 - 901. Give j(m).
1
Let t(v) = v**3 + 1 - 5*v**2 + 4*v + 0*v**3 - 2. Let k be (-54)/(-14) - 1/(-7). Suppose -k*b + 13 = 3*u, 5*b - 6*u + u - 25 = 0. Calculate t(b).
-1
Let z(n) be the first derivative of n**3/3 - 3*n**2 + 2*n - 105. Give z(4).
-6
Let q(p) = 41*p**3 - 1. Let n be q(1). Let k(r) = 2*r + n - r**2 - 47 + 2*r**2. Calculate k(-3).
-4
Let c be (2/(-4) + 2)/((-7)/14). Let x be (-1 - -1)/(c - -2). Let m(l) = l**2 + l + 2. What is m(x)?
2
Let h = -8 - -12. Let i(u) = -4*u + 5. Let f(v) be the first derivative of -3*v**2/2 + 5*v - 1. Let s(k) = -3*f(k) + 2*i(k). Determine s(h).
-1
Suppose -2*u - y = -u - 3, y - 12 = -4*u. Let b(a) = -2*a - 4. Let s be b(-5). Let i(l) = s*l - 4*l - 3*l + 1 - l**2 + 5*l. What is i(u)?
4
Let p = 1019 - 1021. Let m(g) = g**3 - 3*g**2 - 8*g - 3. What is m(p)?
-7
Let y(s) = 2*s**2 + 8*s + 1. Suppose h - 1 = k - 3, -h - 8 = -3*k. Let u(l) = l**2 - 1. Let p(z) = h*u(z) - y(z). Calculate p(-7).
5
Suppose 0 = -4*o + 4. Let p = 1 - o. Let m(f) = -14*f**3 + 2*f**2 + 3*f - 3. Let l(r) = -19*r**3 + 3*r**2 + 4*r - 1. Let d(x) = 3*l(x) - 4*m(x). Determine d(p).
9
Let z = 85 - 85. Let g(p) = p**2 - 2*p + 1. Determine g(z).
1
Let b be (-39)/(-13) - (3 + -1). Let m be 2 + (4 - (4 - 2)). Let h(y) = -2*y + m*y - y - 3 - b. Determine h(4).
0
Let r(x) = -3*x + 6. Suppose 5*u + 5 = 4*q, 0 = q - u - 2. Calculate r(q).
-9
Suppose 2*v = 4*i - 136, -3*i + 3*v + 96 + 9 = 0. Suppose -4*w - i = -2*s - 3*s, -23 = -3*s + 4*w. Let u(d) = 2*d**2 - 3*d - 6. What is u(s)?
29
Let w(m) = 4*m + 2. Let y(i) = i + 1. Let b(n) = -w(n) + 3*y(n). Give b(-5).
6
Let z = 12 - 8. Let l(v) = 5*v**2 + 20*v - 15. Let x(p) = -p**2 - 5*p + 4. Let q(b) = 2*l(b) + 9*x(b). What is q(z)?
2
Let c(x) be the third derivative of x**6/720 - x**5/40 + 17*x**4/24 - 39*x**2. Let k(y) be the second derivative of c(y). Determine k(6).
3
Let w(i) = 12*i**2 + i + 1. Suppose -3 = 2*s - 13. Suppose -27 + 22 = s*v. Determine w(v).
12
Let v be 6/(3/3 - 0). Suppose -2 + 4 = n. Let r(i) = -3*i**2 + 6*i - 11. Let m(s) = 16*s**2 - 30*s + 56. Let u(l) = n*m(l) + 11*r(l). Give u(v).
-9
Let t(m) = -14 - 13 - 10*m + 14 - m**2 - 2*m. Determine t(-11).
-2
Let a(l) be the third derivative of -l**4/24 - 13*l**3/6 - 2*l**2. Suppose -4*b - 70 = -14. Let c be a(b). Let r(t) = -8*t + 1. Calculate r(c).
-7
Let s(t) = t**2 + 1. Let m(v) = 3*v**2 + v + 2. Let l = -3 - -7. Let z(q) = -q**2 + 3*q + 2. Let b be z(l). Let j(n) = b*s(n) + m(n). What is j(-2)?
2
Let x(a) = -a + 20. Suppose f - 2*m - 1 = 9, 0 = 3*f - 2*m - 38. Calculate x(f).
6
Let s be (-1 - 0)/((-1)/3). Let q be 8/s + (-34)/51. Suppose -2*c = q*c. Let p(x) = -x - 4. What is p(c)?
-4
Let y(s) = -s**3 - 14*s**2 - 27*s - 38. Let i be y(-12). Let g(f) = f**3 - f**2 + 5*f + 5. Give g(i).
-17
Let x(m) = -m**3 + 11*m**2 + 11*m + 16. Let t(o) = 11*o**2 + 8*o + 9. Let j be t(-1). Give x(j).
4
Suppose -3*p + 2*p + 5*a - 21 = 0, -5*a = -4*p - 9. Let g be 1 + (1 + -2)*p. Let m(l) = 95602*l**3 + 2*l - l - 95601*l**3 + 3*l**2 + 2. Calculate m(g).
-1
Let n be -6 + (1 - 1 - 0). Let x be 10/n*(-24)/8. Suppose -x*o + 2 = 17. Let j(h) = -h. Calculate j(o).
3
Let i(c) = c**3 - 10*c**2 - c + 6. Let m be (12/9 + 2)*(-6 + 9). Calculate i(m).
-4
Suppose 4*i - 8 = 2*m, 2*m + 2*i - 21 = 1. Suppose 3*x = -3*x - m. Let p(r) = -3*r**2 + 2*r + 1. Calculate p(x).
-4
Let f(h) = -h**3 + 5*h**2 - h + 5. Let z(c) = -c**2 + 3*c + 1. Let m(q) = f(q) - z(q). What is m(4)?
20
Let j(d) = -11*d**2 - 11*d - 16. Let p(g) = 5*g**2 + 6*g + 9. Let b(o) = 6*j(o) + 13*p(o). Give b(15).
-24
Let x(m) = m**3 + 6*m**2 - 2. Let k = 1 - 4. Let f be (-6)/(k*(-1)/3). Calculate x(f).
-2
Let h(a) = -a**3 + 10*a**2 - 8*a - 9. Let x(n) = -2*n**2 - 12*n - 1. Let p be x(-5). Calculate h(p).
0
Let r(i) = 65*i + 4*i**2 - 12*i**2 - 64*i. Calculate r(-1).
-9
Let q(z) = -z**3 - 5*z**2 + 2*z + 7. Let j be (-2 + 1)/((-2)/(-16)). Let n = 11 + j. Suppose 2*m - 16 = o - 1, -n*m = -o - 20. What is q(o)?
-3
Let p(w) = -2*w**2 - 6*w. Let a(i) = 9*i**2 + 16*i - 9. Let l(y) = -a(y) - 4*p(y). Let g = -10 + 19. What is l(g)?
0
Let t(c) be the third derivative of -c**7/1260 - c**6/360 + c**5/120 + 3*c**4/4 - 8*c**2. Let a(k) be the second derivative of t(k). Give a(2).
-11
Let n(r) be the second derivative of 1/3*r**4 + 1/3*r**3 - 1/20*r**5 + 2*r**2 - 12*r + 0. Determine n(5).
-11
Let n(j) = -29 - 24 - 22 + 2*j + 121 - 33. Calculate n(-7).
-1
Let o(c) = 1 + 2*c - 9*c**2 + c**2 + 9*c**2 - 2*c**2. Determine o(3).
-2
Let y(f) = -9*f - 256. Let r be y(-26). Let j(m) = -m**2 - 22*m + 8. Calculate j(r).
8
Suppose -6*s + 2*s - a = -15, -3*s + 3 = -2*a. Let v(j) = 15*j - 17*j - 2 + s. Calculate v(-1).
3
Let t(i) = -7*i**3 + i**2 + 8*i + 1. Let v(m) = 8*m**3 - 2*m**2 - 8*m. Let r(k) = -7*t(k) - 6*v(k). Calculate r(-6).
5
Suppose -3*a = 4 + 2. Let w(o) = -o - 2 + 3 + 5 - 2 - 3 + 3*o**2 + o**3. Determine w(a).
7
Let l(y) = 4*y + 12*y - 21*y - y**2 + 5*y - 3 + 6*y. Suppose 3*j = 4 - 1, 0 = 2*a - 4*j - 8. What is l(a)?
-3
Suppose g = 4*h - 5, 6*g - 5*g + 2*h - 7 = 0. Let k(j) = -5*j - j**3 + 0*j**g + 17*j**2 - 26*j**2 + 7 + 15*j**2. Give k(5).
7
Let k(h) = 10*h - 12*h - 1 - 4*h. What is k(1)?
-7
Let f = 18 - 18. Let p(v) = 2*v**2 + 46*v - 41*v + 6 + f*v**2. Determine p(-4).
18
Let g(n) be the third derivative of n**5/10 + n**4/24 + 3*n**2. Suppose -7*q + 2*s - 8 = -3*q, 3*s - 4 = -2*q. Determine g(q).
5
Suppose -2*r - 2*r + 2*n + 24 = 0, 5*n = 3*r - 25. Let y(u) = 13*u + 9*u - 26*u + 5. Determine y(r).
-15
Let s(c) = c**3 + 2*c**2 - c. Let n be s(-3). Let z be 12*(-1 - n/3). Suppose 4*j - 5*h + 0 = -28, -4*j - 5*h = -z. Let r(b) = 2*b**2 - 2*b - 3. Calculate r(j).
9
Let j = -2 - -3. Let p(m) be the first derivative of -5*m**3/6 + 31*m - 29. Let f(w) be the first derivative of p(w). What is f(j)?
-5
Let w(g) = g**3 + 25 - 18 - 2*g**3 + 0*g + g. Let t be w(0). Let z(a) = 4*a - 6. What is z(t)?
22
Let r(b) = 15*b - 1. Let s(g) = -33*g + 2. Let d(t) = -13*r(t) - 6*s(t). Let z(c) = -c**2 + 4*c + 2. Let p be z(4). Calculate d(p).
7
Let s(l) = -l**3 - 4*l**2 + 4*l. Suppose 17 = 5*y + 7. Let j = -8 - y. Let v = 5 + j. Give s(v).
5
Let y(k) be the first derivative of -7*k**2/2 - 2*k + 149. Suppose -5*i = -3*s - 6, -4*i - 10 = 2*s + 3*s. What is y(s)?
12
Let h(p) = -3*p + 3 + 12 - 10 + 17. Calculate h(10).
-8
Let p(h) = -2*h - 1. Let s(k) = 8*k - 4. Let f(w) = 3*p(w) - s(w). Determine f(2).
-27
Let t(b) = -b**3 + b**2 + 18. Let d = 115 - 115. What is t(d)?
18
Let l(a) be the second derivative of a**5/20 - a**4/4 - a**3/2 + 3*a**2/2 + 3*a - 15. Calculate l(4).
7
Let j = 303 - 307. Let c(w) = w**3 + 6*w**2 + 12*w + 10. What is c(j)?
-6
Let u be (-4 + (-708)/(-18))/(2/3). Suppose -u = -5*k + 2. Let t(w) = 2*w - 14. What is t(k)?
8
Let f(d) = 14*d - 161 + 319 - 154. Give f(-3).
-38
Let n(h) = h**3 + 4*h**2 + h - 1. Suppose -2*f = -a + 101, -282 = a - 4*a - f. Let d = a + -99. Give n(d).
-5
Suppose 22*v + 35 = -13*v. Let t(g) = 13*g. Give t(v).
-13
Let f(g) = -4*g + 10. Let s(q) = -q**3 - 4*q**2 + 12*q + 39. Let a be s(-5). What is f(a)?
-6
Let q(g) = g. Let h be (-25)/(-5) + -6 - -4. Let f be 1/(h - 80/25). Give q(f).
-5
Let h = -2 + 3. Let v(j) = -10*j + 6. Let i(p) = p**2 - 13*p + 8. Let f(x) = -3*i(x) + 4*v(x). Calculate f(h).
-4
Let k be 4 + 7/